6*u + 183. Give x(2).
603
Let w(h) = -h**2 + 2485*h + 237212. Calculate w(-92).
128
Let m(q) = 2*q**3 - 2*q**2 - 499*q - 1870. Determine m(-4).
-34
Let t(x) = -108*x**2 + 10931*x - 1950. Calculate t(101).
373
Let u(m) = 11530*m - 184482. Determine u(16).
-2
Let n(k) = -687*k**2 - 8267*k - 277. What is n(-12)?
-1
Let k(n) = 5*n**3 - 28*n**2 + 65*n - 16. What is k(2)?
42
Let r(o) = 7695*o + 38488. Calculate r(-5).
13
Let z(i) = 13*i**3 + 3196*i**2 - 494*i - 540. Calculate z(-246).
-48
Let o(z) = 3940*z + 591037. Give o(-150).
37
Let f(l) = l**3 - 445*l**2 + 469*l - 11106. Give f(444).
-6
Let p(a) = -a**3 + 40*a**2 - 277*a + 251. Calculate p(32).
-421
Let m(n) = -62*n**2 - 1089*n - 160. Determine m(-17).
435
Let c(z) = 5*z**2 - 427*z + 5921. Calculate c(16).
369
Let z(r) = 196*r - 5713. Calculate z(27).
-421
Let v(c) = -125920*c - 251833. Calculate v(-2).
7
Let u(l) = -223*l - 14793. What is u(-66)?
-75
Let q(i) = 3*i**3 + 204*i**2 + 362*i - 1427. Determine q(-66).
817
Let l(f) = f**3 + 2*f**2 - 54*f + 45. Calculate l(6).
9
Let o(m) = -11445*m - 2575159. Calculate o(-225).
-34
Let p(g) = 104*g + 7749. Give p(-83).
-883
Let b(u) = 6*u**2 + 5868*u - 76966. Calculate b(13).
332
Let f(a) = a**3 + 145*a**2 - 90*a - 33800. Give f(-144).
-104
Let v(m) = m**3 + 12*m**2 + 698*m + 5553. Determine v(-8).
225
Let t(f) = 1138*f**2 - 227*f - 240. Calculate t(-1).
1125
Let p(k) = -1815*k + 19602. Calculate p(12).
-2178
Let p(f) = -f**2 - 2349*f - 378440. What is p(-174)?
10
Let b(t) = 2*t**3 - 434*t**2 - 596*t + 129322. Determine b(217).
-10
Let z(k) = k**3 - 115*k**2 + 2273*k - 11992. Give z(14).
34
Let j(d) = 474*d**2 + 1350*d - 124. What is j(-3)?
92
Let p(x) = -5*x**2 - 51*x + 153. Determine p(4).
-131
Let a(i) = 183*i - 37179. Determine a(203).
-30
Let h(w) = 18*w**3 + 1048*w**2 + 2039*w + 8. Calculate h(-2).
-22
Let v(a) = 2*a**2 - 259*a + 347. What is v(129)?
218
Let x(k) = 3926*k + 70617. Give x(-18).
-51
Let i(o) = -65638*o - 853300. Determine i(-13).
-6
Let r(f) = f**2 - 14964*f + 3171031. Calculate r(215).
-4
Let j(v) = 355*v - 4684. Determine j(13).
-69
Let q(c) = -9*c**2 - 4715*c + 53542. Calculate q(-535).
42
Let i(y) = -38*y**2 - 1903*y + 218. Determine i(-50).
368
Let g(z) = 19329*z - 1739609. Give g(90).
1
Let k(j) = 16*j**3 + 220*j**2 + 330*j + 71. What is k(-12)?
143
Let v(n) = -2*n**2 + 620*n + 21203. Calculate v(-31).
61
Let j(l) = 23*l**3 + 459*l**2 - 163*l - 2807. Give j(-20).
53
Let c(y) = 57*y**2 - 5687*y - 7066. What is c(101)?
4
Let s(y) = -216*y + 4734. Determine s(11).
2358
Let d(n) = -6*n**2 + 345*n - 723. Determine d(49).
1776
Let k(t) = -20023*t + 560646. Give k(28).
2
Let w(j) = 686*j**2 + 301*j + 300. What is w(-1)?
685
Let q(p) = -5120*p**2 + 35771*p + 50. Calculate q(7).
-433
Let o(k) = -784*k**2 + 61153*k - 79. Calculate o(78).
-1
Let i(w) = -2*w**2 - 15704*w - 31411. Give i(-2).
-11
Let u(b) = 549*b - 30397. Determine u(55).
-202
Let n(k) = -31*k**2 - 1105*k - 671. What is n(-35)?
29
Let d(q) = 135*q + 3421. What is d(-24)?
181
Let n(u) = 73*u + 1849. Give n(-32).
-487
Let h(a) = -5*a**3 - 3*a**2 - 2169*a + 2167. Calculate h(1).
-10
Let t(c) = 2*c**2 - 2245*c + 174464. What is t(84)?
-4
Let b(n) = -100*n - 1062. Give b(-5).
-562
Let k(a) = -18*a**3 - 382*a**2 + 740*a + 101. What is k(-23)?
9
Let a(q) = 2076*q - 132840. Determine a(64).
24
Let x(w) = -3*w**3 - 149*w**2 + 164*w + 5770. What is x(-50)?
70
Let w(r) = -r**3 + 5443*r**2 - 157011*r + 60. What is w(29)?
-85
Let v(u) = -1852*u - 564509. What is v(-305)?
351
Let r(l) = -9*l**3 - 17003*l**2 - 3682*l + 181350. Give r(-1889).
6
Let m(y) = 31*y**2 + 2081*y + 247. Calculate m(-67).
-21
Let k(m) = -69*m - 3066. Calculate k(-41).
-237
Let j(s) = s**3 - 5*s**2 + 70*s + 370. Calculate j(-5).
-230
Let m(r) = 5653*r - 22689. What is m(4)?
-77
Let d(n) = 483*n**2 + 1089*n - 1091. Calculate d(1).
481
Let k(d) = d**3 - 22*d**2 + 44*d - 59. Determine k(20).
21
Let r(y) = -y**3 + 9*y**2 + y + 1405. Determine r(0).
1405
Let r(h) = 4*h**3 + 156*h**2 - 10409*h - 401317. Determine r(-38).
1
Let y(x) = x**3 + 109*x**2 - 126*x - 1621. Give y(-110).
139
Let x(u) = 2*u**3 - 125*u**2 + 424*u - 556. Determine x(59).
93
Let j(q) = -25*q**2 + 1364*q - 8236. What is j(6)?
-952
Let g(y) = -y**2 + 48270*y - 289592. What is g(6)?
-8
Let c(y) = -7381*y - 385. Calculate c(0).
-385
Let j(q) = -3*q**2 - 139*q + 1385. What is j(-55)?
-45
Let b(n) = -652*n - 518935. Calculate b(-796).
57
Let i(z) = -z**2 + 138129*z - 690675. Calculate i(5).
-55
Let w(z) = -9*z**3 + 6*z**2 - 140*z - 306. What is w(-2)?
70
Let g(v) = -2*v**2 - 9*v + 600. What is g(-21)?
-93
Let o(s) = s**2 + 339*s + 6042. Determine o(-19).
-38
Let k(j) = -j**2 - 82*j - 2022. Give k(-38).
-350
Let q(j) = -2*j**3 - 3*j**2 - 184*j + 1250. What is q(5)?
5
Let q(p) = 6*p**2 + 154*p + 1289. Determine q(-9).
389
Let v(n) = 113937*n + 5924710. Determine v(-52).
-14
Let f(c) = 66499*c + 20282197. What is f(-305)?
2
Let g(h) = 3*h**3 - 51*h**2 - 66*h + 214. Determine g(18).
-2
Let z(w) = -2*w**3 + 21*w**2 + 689*w + 50. Give z(-14).
8
Let h(z) = -3*z**2 + 1184*z + 508791. Give h(654).
-21
Let o(l) = -138*l - 20922. Calculate o(-143).
-1188
Let a(p) = -7721*p - 169864. Determine a(-22).
-2
Let c(o) = -242*o**2 - 3361*o - 17. What is c(-14)?
-395
Let a(z) = 8*z**2 - 266371*z - 266371. Determine a(-1).
8
Let v(z) = z**3 + 66*z**2 + 44*z - 5172. What is v(-64)?
204
Let r(s) = -2240374*s - 4480720. Determine r(-2).
28
Let b(s) = -2*s**3 - 82*s**2 - 470*s + 7760. Determine b(-27).
38
Let d(s) = 3*s**2 - 87*s - 260. Calculate d(36).
496
Let j(i) = 299*i**2 - 86*i. Determine j(1).
213
Let y(h) = 55*h**3 + 8*h**2 + 918*h + 2729. What is y(-3)?
-1438
Let i(c) = -1080*c**2 + 22678*c + 7. Calculate i(21).
-35
Let r(s) = 4048*s - 76868. Give r(19).
44
Let i(q) = 771*q**2 - 17*q - 7. What is i(-1)?
781
Let r(w) = -9*w**3 + w**2 - 743*w + 2215. What is r(3)?
-248
Let t(b) = 38*b**2 + 1053*b - 8046. What is t(-34)?
80
Let s(v) = 6589*v - 2293073. Determine s(348).
-101
Let t(s) = -4*s**2 - 670*s - 2626. Calculate t(-4).
-10
Let h(c) = -84*c**2 + 9115*c - 26577. Determine h(3).
12
Let z(j) = -836*j + 30126. Calculate z(36).
30
Let y(r) = 2*r**3 - 75*r**2 - 29*r + 2962. Calculate y(-6).
4
Let w(u) = 9*u**2 + 964*u - 7050. Calculate w(-114).
18
Let b(m) = -10*m + 1655. Give b(53).
1125
Let z(o) = 211041*o - 5487067. Calculate z(26).
-1
Let z(d) = 2*d**2 + 1038*d + 31582. Give z(-31).
1326
Let m(l) = l**3 - 1064*l**2 + 66915*l - 115644. What is m(997)?
8
Let s(b) = -430*b**2 - 95414*b + 10198. Calculate s(-222).
-14
Let s(y) = -y**3 - 11*y**2 - 38*y - 4. Determine s(-9).
176
Let s(w) = -1130*w + 5951. Give s(4).
1431
Let i(b) = 68813*b - 619671. Give i(9).
-354
Let i(l) = -2*l**3 - 46*l**2 + 221*l + 13. What is i(4)?
33
Let j(l) = -154*l + 2571. Determine j(8).
1339
Let o(r) = 2*r**3 - 274*r**2 - 231*r - 6228. What is o(138)?
-18
Let l(r) = -547*r - 45960. Give l(-84).
-12
Let x(b) = 57*b**3 + 7*b**2 + 40*b + 36. Give x(-1).
-54
Let c(g) = 6*g**2 - 173*g + 705. Give c(28).
565
Let k(x) = -119*x + 9293. Determine k(72).
725
Let b(n) = -385*n + 65061. What is b(171)?
-774
Let y(t) = t**3 - 6*t**2 + 16*t + 4724. What is y(0)?
4724
Let b(y) = -1755*y + 171994. What is b(98)?
4
Let h(b) = b**2 + 1092*b + 120878. Determine h(-125).
3
Let y(d) = -d**3 - 114*d**2 - 348*d + 465. Calculate y(-111).
2130
Let l(o) = 2*o**3 - 84*o**2 + 653*o + 4922. Calculate l(25).
-3
Let b(m) = -m**3 - 24*m**2 - 2*m - 449. Calculate b(-28).
2743
Let p(c) = 9393*c + 47241. What is p(-5)?
276
Let o(i) = 12*i**2 - 54*i + 1148. Calculate o(12).
2228
Let g(n) = -15*n**2 + 146*n + 20. Give g(9).
119
Let w(f) = -312745*f - 20328431. Calculate w(-65).
-6
Let s(q) = 94*q**3 - 225*q**2 - 5586*q - 23. Calculate s(9).
4
Let v(x) = 8*x**2 - 5503*x + 10980. Give v(2).
6
Let q(x) = -7*x**3 + 2*x**2 - 5755*x - 11528. Determine q(-2).
46
Let h(k) = -2*k**3 - 148*k**2 - k + 1322. Calculate h(-3).
47
Let x(f) = 12637*f + 113718. What is x(-9)?
-15
Let l(o) = -162*o**2 - 32075*o + 217. What is l(-198)?
19
Let x(b) = 70*b**2 - 1556*b + 7463. Determine x(7).
1
Let k(t) = -3931*t + 2905053. What is k(739)?
44
Let t(d) = 12*d**3 - 4*d**2 - 301*d - 8. Determine t(0).
-8
Let y(v) = -22*v**2 - 146*v - 18. Calculate y(-